ens digit of 6/x + (-178)/(-6)?
2
What is the units digit of 41 + (2 - 1) + -3?
9
Let h(d) = d**2 - 12*d + 1. Let g = -4 - -18. What is the tens digit of h(g)?
2
Let t(a) = 4*a + 14. Let i be t(-12). What is the units digit of -3*7/(21/i)?
4
Let u(m) = 0*m**2 - 7*m**2 - 7*m**2. Let c be u(1). What is the units digit of (c/6 + 1)*-6?
8
Let m = 19 + -9. Suppose 0 = -3*g + g + m. Suppose -2*f + 3*f + 24 = 4*h, -2*h - g*f = -34. What is the units digit of h?
7
Suppose 5*m - m - 4 = 0. Let l = 0 + m. Suppose -n - l + 8 = 0. What is the units digit of n?
7
Let h(k) = -2*k + 6. What is the tens digit of h(-6)?
1
Let c = -8 - -17. Let m(x) = -x**2 + 11*x - 6. What is the tens digit of m(c)?
1
Suppose -q = 4*b - 16, b + 3*q = q + 11. Suppose 3*g + 38 = 2*y - 21, b*y - 4*g - 88 = 0. What is the tens digit of y?
2
Let f = 14 + -22. Let o = 15 + f. What is the units digit of o?
7
Let l(m) = -21*m**3 + m**2 + 2*m + 1. What is the tens digit of l(-1)?
2
Suppose -5*y + 2*i - 60 = 7*i, -3*y + 4*i - 50 = 0. Let o be 4/y - (-32)/14. Suppose 3*q + o*q - 15 = 0. What is the units digit of q?
3
Suppose 2*f - 58 = 4*f - 3*k, 0 = -2*k. Let a = f - -42. Suppose 4*g = 3*g + a. What is the tens digit of g?
1
Let k = -19 - -20. Suppose -b - k = -6. What is the units digit of b?
5
Let f(l) = l**2 + 8*l - 5. Let d be f(-8). Let k(u) = -u**3 - 3*u**2 + 7*u + 1. Let p be k(d). Suppose -5*g + 3*g = -p. What is the units digit of g?
8
What is the units digit of 11*6 - 0 - (-1 + 2)?
5
Suppose 38*k - 177 = 37*k. What is the hundreds digit of k?
1
Suppose -l - 2*l - 2*w = -6, -3*l + 2*w - 6 = 0. Suppose l = 2*m - 18. What is the units digit of m?
9
Let x be (0 - -1)/(3/51). Let n = x - 7. What is the units digit of 4/(-20) + 32/n?
3
Let q be (2 + 2)/(1*2). Suppose 0 = 4*a - q*l + 2 - 4, 0 = -4*a + l + 7. What is the units digit of a/(-15) - (-36)/5?
7
Let b(o) = -4*o - 5. Let s be b(7). What is the tens digit of s/(-22)*100/6?
2
Let t(m) be the second derivative of 5*m**3/6 + m**2/2 - m. Let h be t(1). Suppose 3*q - h*q + 12 = 0. What is the units digit of q?
4
Let h(k) = 4*k + 26. What is the tens digit of h(0)?
2
Let d = -27 - -15. Let f = 3 - d. What is the tens digit of f?
1
Let b = 19 + -10. Let j = b + -7. Suppose j*d = -7*g + 2*g + 41, -10 = -d + g. What is the tens digit of d?
1
Let h = 19 - -6. What is the tens digit of h?
2
Suppose 64 = u + u. What is the tens digit of u?
3
Let s = -3 - -7. Suppose 5*v - s*v = 5. What is the units digit of v?
5
Suppose 4*t + 2*f - 30 = 0, -3*t = 2*t + 2*f - 35. Suppose 192 = -z + t*z. What is the tens digit of z?
4
Let g = -80 + 116. What is the units digit of g?
6
Let c be (-2 + 9/6)*0. Suppose 4*m + 0*m + 5*i - 13 = c, 0 = -2*i + 2. What is the units digit of m?
2
Let z = -42 + 95. What is the tens digit of z?
5
Let h(x) = x**2 + 7*x - 9. Let c be h(-8). What is the units digit of c*(-19 + 2/2)?
8
Let d = -31 + 21. Let s = d - -6. What is the units digit of 15/(-10)*s/3?
2
Suppose 3*q - 7*q = 3*l - 15, -3*l + 3 = 0. Suppose -2*n + 3 = q*c, 5*n - 3*c + c = 17. What is the units digit of n?
3
Suppose d = 3*h + 41, -3*d = -4*d - 2*h + 21. What is the tens digit of d?
2
Let n be 9 + -5 + (2 - 0). Let y(d) be the second derivative of -d**4/12 + d**3 + d**2/2 + d. What is the units digit of y(n)?
1
Suppose 184 = 4*d + 5*y - 2*y, -d = -y - 53. What is the tens digit of d?
4
Let z = -6 - -8. Suppose 2*j + 5*d = 5*j - 51, -3*j + 42 = -z*d. What is the units digit of j?
2
Let l be ((-6)/2)/(12/(-8)). What is the tens digit of l/6 + (-88)/(-6)?
1
Let f(r) = -r**3 - 4*r**2 + 3*r - 3. Let n be (7 - 2)*-1*1. Let c be f(n). Suppose 8 = c*x - 3*x. What is the units digit of x?
2
What is the hundreds digit of (-30)/75 - 1614/(-10)?
1
Let s(f) = 2*f - 5. Suppose -r - 4*r + 25 = 0. Let u be s(r). Suppose 7 = u*x - 18. What is the units digit of x?
5
Let q(z) = z**2 - 1. Let v be q(-1). Let w(u) = u**3 + u + 12. What is the tens digit of w(v)?
1
Suppose 3*q - 20 = 4*d, 4*q - 2*d + 3*d = 14. Suppose 0*s = i - 3*s - 23, -s + 40 = q*i. Let v = i + -3. What is the units digit of v?
8
Let x(k) = -4*k + 2. Let i be x(-3). Let u = -5 + i. What is the units digit of 2/(-3) + 69/u?
7
Suppose -h + 1596 = 6*h. What is the hundreds digit of h?
2
Suppose -173 = -3*v + 214. What is the tens digit of v?
2
Let g(t) = -3*t - 1. Let p be g(-1). Suppose 0*w + p*w - 6 = -b, 3*w - 13 = -2*b. What is the units digit of b?
8
Suppose 8 = 3*j - 7. Let g(r) = r - 7. Let o be g(j). What is the units digit of (-2)/(-1) + (-10)/o?
7
Let q(n) = -26*n + 4. Let l be q(-4). Suppose l = -6*v + 10*v. What is the units digit of v?
7
Let l = 2 - 6. What is the tens digit of l/(-3) + 83/3?
2
Let m = 14 - 12. Suppose 5*p - m*p - 2*w = 67, -3*p + 4*w = -59. What is the units digit of p?
5
Let n be (30 - 6)*(-2)/(-3). Let h = -8 + n. What is the units digit of h?
8
Let x = 7 - -83. What is the units digit of x?
0
Let b(i) = -i - 4. Let g be b(-6). Suppose w - g = 11. What is the units digit of w?
3
Let o = -4 - 1. Let h = o + 7. Suppose 60 = h*u + 3*u. What is the tens digit of u?
1
Let x = 15 - 12. Suppose -x*n + 7*n = 172. What is the units digit of n?
3
What is the units digit of 38/14 + (-8)/(-28)?
3
Suppose 0 = -4*b + 6*b - 38. Suppose 5*v + b = 3*h + 49, -24 = -4*v - 4*h. What is the units digit of v?
6
Let a(z) be the first derivative of 2*z**3 - 6*z + 1 - 3/2*z**2 - 1/4*z**4. What is the units digit of a(5)?
4
Let h(g) = -g - 3. Suppose 0 = 6*i - i - 25. Let n be h(i). Let p = n - -15. What is the units digit of p?
7
Suppose 4*a + 28 = 224. What is the tens digit of a?
4
Let n(x) = 5*x**2 - 22*x + 4. What is the units digit of n(8)?
8
Let r(j) = 2*j**3 - j**2 + j + 2. Let w(c) = c**3 - c + 4. Let x be w(0). Suppose -4*g - x*h = 0, -12 = -g + 6*h - h. What is the units digit of r(g)?
6
Let d be 2*2/(16/12). Suppose 0 = -d*j + 7*j - 60. What is the units digit of j?
5
Let i = -3 + 58. What is the units digit of i?
5
Let u(v) be the first derivative of -v**2/2 + 13*v + 3. What is the tens digit of u(0)?
1
Let q(m) = -2*m + 3*m - 2 + 8. Let h be (0 + (-4)/(-12))*-15. What is the units digit of q(h)?
1
What is the tens digit of 1275/10 + (-3)/6?
2
Suppose 3*l = -5*t + 257, 5*l = -2*t + 7*t - 225. What is the units digit of t?
9
Let t(m) = 2*m**2 + m - 2. Suppose -a - 4 = -2*c + 12, c + 19 = -4*a. Let s = -4 - a. What is the units digit of t(s)?
8
Let f = 16 + -7. Let n = -1 + f. What is the units digit of n?
8
Suppose -5*l - 2*h - 110 = 0, -52 + 8 = 2*l - 4*h. Let f = 38 + l. Suppose 3*u - f = 14. What is the tens digit of u?
1
Let h(v) = v**2 + 4*v + 3. Let g be h(-2). Let j = g + 4. Suppose 4*x - j*x = 17. What is the tens digit of x?
1
Let t be ((-10)/(-3))/(2/6). Suppose 4*f - 2*y = 8, -5*y - 10 = 2*f + t. Let j = 2 + f. What is the units digit of j?
2
Let u(q) = -2*q - 1. What is the units digit of u(-3)?
5
Let n = -11 - -7. Let h(m) = 0*m + m**2 + 3*m + 0*m**2 - 2. What is the units digit of h(n)?
2
Suppose -29*u - 78 = -32*u. What is the tens digit of u?
2
Let t(l) = 2*l**3 - l**2 + l + 1. Let w be t(-1). Let y(k) = -14*k + 6 + 1 + 15*k. What is the units digit of y(w)?
4
Suppose -5*h + 2*u = -31, -5*u - 1 = -h + 19. Let s(b) = 4*b - b**2 - 6 + 2*b**2 - b**3 + 2 + 4*b**2. What is the units digit of s(h)?
6
Let z = 15 - 10. Suppose y = z*y. Let c = y + 4. What is the units digit of c?
4
Suppose 0 = 2*k - 2, -2*k = -3*c + k + 186. What is the units digit of c?
3
Suppose -2*m + 0*m - 6 = -5*z, 0 = 5*z + 3*m + 9. Suppose -f + 4*q = -0 - 6, f + 4*q + 2 = z. What is the units digit of f?
2
Let p be 8/10*(-15)/(-6). Suppose -3*x + 55 + p = 0. What is the tens digit of x?
1
Suppose -3*x - 17 = -215. What is the tens digit of x?
6
Suppose -4 + 28 = 4*q. Let d = q + -6. Suppose 5*r = -3*z - 11, d = -7*z + 3*z - 3*r. What is the units digit of z?
3
Let p(m) = m**3 + 6*m**2 + 5*m + 1. What is the tens digit of p(-3)?
1
Let o be ((-2)/4)/((-1)/(-58)). Let k = 43 + o. What is the units digit of k?
4
Let i(f) = f**3 - 7*f**2 - 7*f - 6. Let u be i(8). Suppose o + u*o - 2*l = -2, -2*o + 20 = 4*l. Suppose 0 = o*n - 1 - 15. What is the units digit of n?
8
Let j(a) = -a**2 - 8*a + 2. Let i be j(-8). Suppose i*o + 0*o = 22. What is the units digit of o?
1
Suppose f + 1 = 5*f - 3*u, -2*u - 10 = -5*f.